*3/3 + 4*j**2. Let k be i(2). Let n(u) = -u**3 + 3*u**2 + 3*u + 4. Calculate n(k).
0
Let h(o) = -11*o - 5. Let n(z) = -z**3 + z**2 + 3*z + 1. Let d be n(-2). Let m(q) = -5 - 5*q + 0*q + 2 + 1. Let b(x) = d*m(x) - 3*h(x). Determine b(2).
-3
Suppose -l + 5*l = -4*x + 36, 0 = 4*x - 16. Suppose -m + 26 = -4*g + 9, -4*m = 5*g - l. Let y(v) = -v + 7. What is y(m)?
2
Let z(q) be the third derivative of q**6/20 - q**4/24 + q**2. Let m = 6 + 5. Let s be 72/88 - (-2)/m. Calculate z(s).
5
Let b(l) = -l**3 - 2*l**2 + 3*l - 3. Let p be b(-3). Let q(v) = 4*v + 8*v + v**2 - 14*v - 2 + 5*v. Determine q(p).
-2
Let s(w) = 2*w - 6. Let l(c) = c + 2. Let m be l(3). Suppose 0*n - 25 = m*n, 0 = -5*d + 5*n + 50. Give s(d).
4
Suppose 5*c + 1 = 11. Let h(n) = -3*n**2 + 3 - 1 + 2*n**c. Give h(0).
2
Let k(t) be the second derivative of 3/2*t**2 - 3*t + 1/3*t**3 + 0 - 1/12*t**4. Let v(y) be the first derivative of k(y). What is v(-3)?
8
Let g(s) = -2*s - 7. Let l(b) = -4*b - 15. Let v(a) = 7*g(a) - 3*l(a). Give v(-3).
2
Let g(h) be the third derivative of -h**6/120 - h**5/30 + h**4/24 - 2*h**3/3 + h**2 + 41. Let w(r) = r - 7. Let o be w(4). Give g(o).
2
Let x(w) = w. Let y(j) = j + 1. Let g(s) = -8*s - 6. Let c(q) = -3*g(q) - 15*y(q). Let b(z) = c(z) - 3*x(z). Calculate b(-2).
-9
Let z(v) = v - 7. Let q be z(4). Let s = q + -3. Let p(k) = -k**2 - 7*k. Give p(s).
6
Let f(r) be the first derivative of r**4/4 - 2*r**3/3 + r**2/2 - r - 1. Calculate f(2).
1
Let g(c) = 5*c**2 - 1. Let y = 18 + -17. Determine g(y).
4
Let m(o) = 3*o**3 + 7 - 1 + 3*o**2 - 4 - 4*o**3 + 7*o. Give m(5).
-13
Let q(y) be the third derivative of y**4/6 + y**3/3 - y**2. Let f be ((-9)/(-6) + -1)*(18 + -22). Calculate q(f).
-6
Let x(r) be the third derivative of r**4/24 - 5*r**2. Let a(j) = -8*j. Let v(b) = -a(b) - 10*x(b). What is v(3)?
-6
Suppose z + 11 = -s, 0 = -5*s - 0*s + 3*z - 23. Let b be (9 - 2) + 0/2. Let m = s + b. Let d(o) = -o**3 + o**2 - o - 5. Calculate d(m).
-5
Let z(m) be the third derivative of m**6/120 + m**5/20 - m**4/6 - 2*m**3/3 + 4*m**2. Suppose 5*t = -2 - 3. Let i = t - 2. Calculate z(i).
8
Let o(h) = -h - 1. Let r(f) = 4*f + 1. Let w be r(1). Suppose 4*y - 6*y - 4*y = 0. Suppose y = l + 1 - w. Give o(l).
-5
Let w(k) be the second derivative of -k**3/6 - 6*k. Determine w(-2).
2
Let r be -1 - 6*(-26)/(-4). Let k be ((-4)/10)/(2/r). Let b = k + -5. Let d(a) = 2*a**2 - 5*a + 2. Calculate d(b).
5
Let s(l) = 13*l - 1. Let k be s(2). Suppose -9 + k = -4*r. Let w(t) = t**3 + 4*t**2 - t + 1. What is w(r)?
5
Let x(z) = -2*z + 8. Let q(o) = -o + 4. Let y(h) = -5*q(h) + 3*x(h). Determine y(-4).
8
Suppose -5*c - 2*g - 3 + 17 = 0, -3*c - 2 = -4*g. Let t(k) = -k**c - 1 - 4*k + 0 + 2*k. Let m(o) = o**3 - 4*o**2 + 2*o - 9. Let l be m(4). Calculate t(l).
0
Let x(v) = v - 1. Let y(n) = -n**2 - 16*n + 18. Let k be y(-17). Calculate x(k).
0
Let v(d) = 7*d**2 - 2. Let j(r) = -6*r**2 - r + 1. Let p(l) = -6*j(l) - 5*v(l). What is p(-6)?
4
Let o(a) be the second derivative of -a**3/6 + 2*a**2 - 23*a. Let m(v) = v + 5. Let k be m(0). Suppose -3*x = k*r - 3, 2*x - 2*r - 24 = -x. Calculate o(x).
-2
Let f(t) = -t**2 + 6. Let h be 3/3 + 0 - -2. Let s = -3 + h. Give f(s).
6
Let i be 7*(-36)/(-105)*5/2. Let f(v) = -v**2 + 7*v - 6. What is f(i)?
0
Let c(k) = -6*k**2 + 1. Let p(u) = -3*u - 1. Let m be p(1). Let f = 68 + -46. Let j be 18/(-22) + m/f. What is c(j)?
-5
Suppose -2*i + 4 = -2*v - 8, 27 = 5*i - 4*v. Let o(k) = -3 - 2*k + i*k - 1. Suppose 10 = 4*m + 3*f, 3*m = -2*f + 6*f + 20. What is o(m)?
0
Let h = -18 + 25. Let o(z) = -z**3 + 7*z**2 + 1. Give o(h).
1
Let m = -23 - -23. Let b(v) = v**2 - v + 16. Give b(m).
16
Let x(g) be the third derivative of -g**6/120 - g**5/20 + g**4/12 + 17*g**2. Suppose -2*l + 3 = -37. Suppose l = -6*k + k. Give x(k).
8
Let y(c) = -c**2 + 3*c + 3. Let n be 3/(3/(-2)) + 4. Suppose 6 = 5*h - 3*h + 2*s, -n*h - 4*s = -6. Suppose -3*m + 0 = 2*t - 2, -3*t = 3*m + h. What is y(m)?
-1
Suppose 0*v + v = 1. Let q(o) = 4*o**2 - 40 - o**2 + 41 - 2*o. What is q(v)?
2
Let b(m) = -2*m - 11. Let a be b(-5). Let g(t) = 2*t**2 - t - 1. What is g(a)?
2
Let l(u) = -2*u**2 + 2*u - 1. Let d(z) = 2*z + 14. Let i be d(-6). What is l(i)?
-5
Let u(y) = -8*y**3 - 3*y**2 - 2*y + 11. Let r(c) = 7*c**3 + 2*c**2 + c - 10. Let t(n) = -7*r(n) - 6*u(n). Determine t(5).
4
Let r(k) = k - 13. Let j be r(13). Let m(p) be the second derivative of 3*p - 1/2*p**2 - 2/3*p**3 + j + 1/6*p**4 + 1/20*p**5. Determine m(-3).
2
Let i(s) be the first derivative of -1/2*s**2 + 0*s**4 + 0*s**3 - 1/60*s**5 + 0*s + 3. Let g(a) be the second derivative of i(a). Calculate g(-1).
-1
Suppose 3*a = 17 + 1. Let t(m) = -2*m + a + 2*m + 2*m. Let c = -4 + -1. What is t(c)?
-4
Let b(k) = 0*k**2 + 228*k - 229*k - k**2 - 2. Give b(-2).
-4
Let f(b) = -6 - 8*b**3 + 7*b**3 + 2 - b. Let h = 2 - 2. Give f(h).
-4
Let t = -3 - 1. Let y(d) = 1 - 2*d - 4 + 0. Give y(t).
5
Let q(l) = 18 + l - 12 - 9. What is q(0)?
-3
Let j(m) = 2*m + 1. Let h(b) = 3*b. Let a(r) = 3*h(r) - 4*j(r). What is a(5)?
1
Let g = 1 + -6. Let i(d) = 9*d**2 - 12*d - 4. Let z(p) = -5*p**2 + 6*p + 2. Let u = 23 - 34. Let m(o) = u*z(o) - 6*i(o). Give m(g).
-3
Let x(n) = -n**2 + n - 1. Let s be x(1). Let u(g) = -9*g**2 + 2*g + 3. Let y(j) = j + 1. Let o(z) = u(z) - 3*y(z). What is o(s)?
-8
Let q(u) = 6 + 25*u**3 + 2*u - u - 1 - 26*u**3. Let j(k) = k**2 - 1. Let g(w) = -3*j(w) - q(w). Give g(4).
10
Let r(h) be the third derivative of -h**6/120 - h**5/12 + h**4/3 - 2*h**3/3 - 7*h**2. Calculate r(-6).
-16
Let w(f) = 3*f - 1. Suppose h + h = -3*b + 13, -4*b = 4*h - 16. Calculate w(h).
-4
Let s(h) be the first derivative of -h**4/4 + 4*h**3/3 + 2*h**2 - 6*h - 2. What is s(5)?
-11
Let a(f) be the third derivative of -f**6/120 - f**5/30 - f**4/24 - 2*f**3/3 - 15*f**2. Calculate a(-3).
8
Let c(y) = 5*y**3 - y**2 - 2*y - 1. Let j be c(-1). Let z be ((-4)/j)/((-2)/10). Let u(t) = t**3 + 4*t**2 + 2*t + 5. What is u(z)?
-3
Let w(x) = 2*x**2 - 3*x**2 + 2*x**3 + 11*x**3. Let l(z) = z**3 - 12*z**2 - 14*z + 14. Let y be l(13). Give w(y).
12
Let s(h) = h**2 - 6*h + 3. Let b(a) = 4 + a**2 + 4 + 0*a**2 + 3*a - 5. Let w be b(-3). Let m(t) = t + 1. Let k be m(w). Determine s(k).
-5
Let g(p) = 0 + 0 - 6 + 2*p. Determine g(4).
2
Let p(c) = -5 - c - 1 + 5 + 8*c. Determine p(1).
6
Let x(c) be the third derivative of -1/2*c**3 + 1/24*c**4 - 3*c**2 + 0*c + 0. Suppose -2*b = -r - 11, -r = 3*b + 1 - 5. What is x(r)?
-8
Let i(v) = v**3 - 3*v**2 + 2*v + 2. Let a be i(2). Let m(h) = -h**2 - 2 - h**a + 0*h**3 - 2 + h**3. What is m(3)?
5
Let f(l) = -2*l**3 + 0*l**3 + 4*l**3 + 6*l**2 - l**3 + 6*l. Determine f(-4).
8
Let i(j) = j. Let d(r) = -6*r - 2. Let b(v) = d(v) + 5*i(v). Suppose -8*g + 4*g - 20 = 0. Give b(g).
3
Let b(q) = -q**3 + 4*q**2 - 3*q - 2. Suppose -2*l + l - 2 = 0. Let m(f) = f**3 + 2*f**2 - f + 1. Let n be m(l). Calculate b(n).
-2
Let f be (-2)/(-7) - (-12)/7. Let m = 15 + -13. Let y(r) = 2*r + m*r**2 - r + 2*r - 3*r**2 + 1. Calculate y(f).
3
Let z = 1 - -2. Let j = -1 - -3. Let u(f) = j + 4 + 2*f - 4. Determine u(z).
8
Let m(f) be the first derivative of f**5/20 + 5*f**4/12 + 2*f**3/3 + f - 3. Let h(w) be the first derivative of m(w). Give h(-4).
0
Suppose 6*d = d - 25. Let b(p) be the first derivative of p**3/3 + 5*p**2/2 + p - 3. What is b(d)?
1
Suppose 2*u + 2*u - 36 = 0. Let r(p) = p**3 - 10*p**2 + 10*p - 9. Determine r(u).
0
Let s = 162 + -168. Let r(l) = -l**3 + 6*l**2 + l**3 - 2*l + l**3 - 7. What is r(s)?
5
Let j(i) = i**2 + i - 7. Suppose 0 = 3*g + y - 20, -2 = 3*g - 4*y + 3. Determine j(g).
23
Let i = 6 - -12. Suppose -4*m - i = -6. Let q(g) = -g**2 - 3*g - 2. Determine q(m).
-2
Suppose -4*d = 3*j + 10, -d + 0*j = -4*j - 7. Let u(t) be the first derivative of 7*t**4/4 + t**2/2 + 2. Give u(d).
-8
Let m = 2 + 1. Let r(a) = a**2 - a. Let n(x) = x + 6. Let h be n(-4). Let k(c) = c**2 - 4*c + 4. Let j(l) = h*r(l) - k(l). Give j(m).
11
Let h(g) = 11*g**2 + 19*g + 32. Let s(k) = -4*k**2 - 6*k - 11. Let d(l) = -3*h(l) - 8*s(l). Let r = -12 - -6. What is d(r)?
10
Let y = 28 + -22. Let v(z) = z**2 - 7*z + 4. Calculate v(y).
-2
Let w(r) = -4*r + 5. Suppose 2 + 18 = 5*q. Determine w(q).
-11
Suppose 0 = -2*k - 8, -24 = -4*u + 4*k - k. Suppose 3*n - 12 = -j, 0 = -u*j + 2*j - n + 6. Let g(a) = -a - 1 + 2